 k be i(3). Calculate the highest common factor of k and r.
3
Suppose d - 2 = -0*x - x, 4*x = 4*d + 8. Suppose -k = -2*z + 180, x*k + 180 = 2*z - 0*z. Calculate the highest common factor of 18 and z.
18
Suppose -3 = -4*m - 5*f, -3*m + 5*f + 15 = 2*m. What is the greatest common factor of 3 and m?
1
Let v be 12/(-15) + 5784/30. Calculate the greatest common factor of v and 24.
24
Suppose -f - f + 2 = -4*j, -f - 2*j + 1 = 0. Let n be (f - 0)*-2 + -7. Let q be (-122)/(-6) + 3/n. What is the greatest common divisor of 8 and q?
4
Let x(i) = 43*i - 3. Suppose -t - t = -10. Let n be x(t). Let c = -127 + n. What is the greatest common factor of 17 and c?
17
Suppose 12 = 4*l, -z - 5*l + 41 = z. Let b be (-986)/(-10) + 4/10. Let o = b - 47. What is the greatest common divisor of z and o?
13
Suppose -3*x = -0 - 3, -371 = -3*b + 4*x. What is the greatest common factor of 25 and b?
25
Let q = 17 - -74. What is the greatest common divisor of 7 and q?
7
Suppose a - 407 = -5*l, 2*a + 319 = 3*l + 80. Let d = 1 + 53. Calculate the highest common divisor of d and l.
27
Let b(d) = -d**2 + 6*d - 1. Let w be 110/33 - 4/(-6). Let n be b(w). Let r be (1/3)/((-1)/(-3)). What is the greatest common divisor of r and n?
1
Let h(d) = -3*d - 1. Suppose 4*i + 15 + 5 = 0. Let g be h(i). Let y = 29 - 15. Calculate the highest common factor of y and g.
14
Suppose -4*b + 8*b - 132 = 0. What is the highest common factor of 11 and b?
11
Let q be ((-10)/4)/(-1)*10. Let b be ((-6)/(-9))/((-2)/(-21)). Suppose 0 = w - 2*n - b, -2*w = 2*w - n - 21. Calculate the greatest common factor of q and w.
5
Suppose -5*y + 840 = -5*u, y = 2*u + u + 168. Suppose -4*t + y = -t. Calculate the greatest common factor of t and 8.
8
Suppose -4*g - 63 = -5*g. Suppose 0 = -5*k + 70 + 85. Let y = k - 22. What is the greatest common divisor of y and g?
9
Suppose -4*k + 4*c - 5*c = -96, 4*c + 16 = 0. Suppose 134 = x - 5*t, -x + 2*x - t - 114 = 0. Let g = x + -34. What is the greatest common divisor of k and g?
25
Suppose b + 3 = -4*u, 0*b - 4*b - u = -3. Suppose 3*g + 1 - 4 = 0. What is the greatest common divisor of b and g?
1
Let l = 4 - -5. Calculate the highest common factor of 1 and l.
1
Suppose -5*p + 4*p = -28. What is the greatest common divisor of 7 and p?
7
Suppose -4*c - 5*q = -119, -5*c + 113 = -5*q - 92. Suppose 3*l = -3*i + 69, -2*l - 2*l = 3*i - 93. Calculate the highest common divisor of c and l.
12
Let u(i) = -3*i + 6*i**2 + 36*i**3 + 6*i - 37*i**3 - 3. Let j be u(6). Calculate the highest common divisor of 5 and j.
5
Let d = 107 - 29. Calculate the highest common factor of d and 130.
26
Suppose -138 - 12 = -2*z. What is the greatest common divisor of z and 50?
25
Let w be (-296)/(-10) - 6/(-15). Calculate the greatest common divisor of 3 and w.
3
Let s be (-10)/(0 + -2) - 2. Suppose -15 = 3*b - 3*q, 2*q - 5 = s. Let c be ((-6)/(-4))/(b/(-2)). What is the greatest common divisor of 6 and c?
3
Let x = 3 + -10. Let q(j) = -j**3 - 5*j**2 + 5*j - 8. Let t be q(x). What is the highest common divisor of t and 11?
11
Let i = -68 - -40. Let w be i/6*(-2 + -1). Let p = 20 - w. Calculate the highest common divisor of 15 and p.
3
Suppose 3*j = -4*u - 13, 2*j + 2*j = u + 8. Let o(v) = -7*v - 3. Let s be o(-2). Calculate the greatest common divisor of s and j.
1
Suppose j + 4*j = 5*x - 260, -2*x - 5*j + 104 = 0. What is the highest common factor of x and 78?
26
Let t be (-1)/1*(-3 + 1). Calculate the highest common factor of t and 4.
2
Let c(q) = 15*q**2 - 2*q - 1. Let w be c(2). Calculate the greatest common factor of w and 11.
11
Let i(l) = -14*l. Let h be i(-3). Suppose 0 = -m - 7*m + 112. Calculate the greatest common divisor of m and h.
14
Let l(y) = 2*y**2 - y + 18. Let i be l(5). Calculate the greatest common factor of i and 18.
9
Suppose 5*r - 335 = -3*f - 86, -2*f = -3*r + 138. Suppose 0 = x - 5*x + r. What is the highest common factor of x and 4?
4
Suppose -i - 3*o + 4*o = -5, -o + 5 = 0. What is the highest common divisor of i and 30?
10
Let z = 245 + -110. Calculate the highest common factor of 15 and z.
15
Suppose -168 = -h - 7. What is the greatest common divisor of 23 and h?
23
Let c = 262 - 150. Suppose 3*a = 7*a - 56. Calculate the greatest common factor of c and a.
14
Let p(f) = -f**2 + 9*f - 3. Let h be p(7). Let d be (-22)/((9/(-6))/3). Calculate the highest common divisor of h and d.
11
Let o = -56 - -106. What is the highest common divisor of 20 and o?
10
Let k = -333 + 191. Let p = k - -238. What is the highest common factor of 12 and p?
12
Let w = -15 - -25. Suppose 103 = 5*c + 3*o, -3*c + 64 - 1 = 3*o. Calculate the highest common factor of w and c.
10
Let h = 107 - 96. What is the highest common divisor of 121 and h?
11
Suppose 3*h = 5*h. Suppose h = -4*q + 56 + 12. What is the highest common factor of 68 and q?
17
Let p = 157 - 77. Suppose 5*d + 2*j - p = d, 62 = 3*d + 2*j. Calculate the highest common divisor of d and 6.
6
Let j be 94/8 + (-2)/(-8). Let c(o) = -26*o. Let m be c(-2). Let t = -22 + m. What is the greatest common divisor of j and t?
6
Let b(j) = -11*j + 4. Let g be b(-3). Suppose -2*i + 0*i + g = -3*s, -s = -3*i + 38. Calculate the highest common factor of i and 77.
11
Let u(v) = 3*v**3 - 4*v**2 - 5*v - 3. Let n be u(4). What is the highest common divisor of 15 and n?
15
Let s be (-10 + 5)/((-3)/42). What is the highest common divisor of 10 and s?
10
Let p = -7 + 11. Let y = p - 3. Calculate the highest common factor of 9 and y.
1
Let w be (-3)/(-5) - 66/(-15). Let y be (-4)/(32/12 - 2). Let b be (20/12)/((-2)/y). What is the greatest common factor of b and w?
5
Let v be (-1)/(-2*2/72). Let g be ((-54)/5)/(2/(-20)). Suppose 4*t = -0*t + g. Calculate the greatest common divisor of t and v.
9
Suppose 0 = 4*k + 2*p - 8 + 2, 0 = -4*k - p + 11. Suppose 0 = k*z - z - 30. What is the greatest common factor of z and 2?
2
Suppose -45 - 177 = 3*d. Let j = d - -179. What is the highest common divisor of j and 15?
15
Suppose 5*a - 30 = -0*a. Suppose 40 + 44 = 2*t. What is the greatest common factor of a and t?
6
Let h be ((-10)/(-15))/((-4)/(-30)). Suppose -h*n + 3*d = -33, n - 3*d + 1 + 2 = 0. Calculate the highest common factor of 45 and n.
9
Let t(w) = w**3 + 8*w**2 - w + 9. Let d be t(-8). Suppose -d = -z - 0*z + h, -56 = -4*z - 2*h. Calculate the greatest common divisor of 5 and z.
5
Let j(i) = -i**3 + 13*i**2 + i - 7. Let t be j(13). What is the greatest common factor of 21 and t?
3
Let x be (-12)/(-20) - (-132)/5. Let q be (-3)/(-6) + (-18)/(-4). Suppose 0 = -5*w + q*b + 25, -3*b = -5*w + x. What is the highest common factor of w and 48?
6
Let x(o) = -21*o - 2. Let h = 4 - 6. Let y be x(h). Calculate the highest common factor of 10 and y.
10
Let o(n) be the third derivative of 0 + 0*n + n**2 + 1/6*n**4 + 1/6*n**3. Let v be o(6). What is the greatest common divisor of v and 10?
5
Let c be 110/12 + (-1)/6. Let f = 12 - c. Calculate the greatest common divisor of 27 and f.
3
Let p(h) = 2*h - 3. Let f(s) = s - 1. Let y(x) = 4*f(x) - p(x). Let k be y(4). What is the highest common divisor of 49 and k?
7
Suppose -c = -11 - 13. What is the greatest common divisor of 192 and c?
24
Let d(p) = 7*p + 33. Let s be d(11). What is the greatest common factor of s and 44?
22
Let g be (-1 - -1) + 56 - 0. Suppose -5*v = -4*z - 9, 6*z - 37 = -5*v + 3*z. Suppose l = v*l - g. Calculate the greatest common divisor of l and 2.
2
Let n be (-3 - 2) + (31 - 8). Calculate the highest common factor of 18 and n.
18
Let a(p) be the first derivative of 3*p**4/4 - 5*p**3/3 + 3*p**2/2 + 4*p - 1. Let n be a(3). What is the highest common factor of 7 and n?
7
Suppose -4*y + 24 = 5*s, -y - 5 = 4*s - 22. What is the highest common divisor of y and 1?
1
Suppose 0*n + 72 = n. Calculate the greatest common factor of 48 and n.
24
Suppose 5*t - q - 87 = -0*t, 2*t + 2*q = 30. Let r(d) = d**2 + 6*d - 4. Let x be r(5). Calculate the highest common divisor of x and t.
17
Suppose -2*f = 3 - 23. Let r be (-1)/(-2) - 177/(-6). Let b = 70 - r. Calculate the greatest common factor of b and f.
10
Let y be ((-2)/(-8))/((-1)/(-28)). Let o(i) = -3 - 9 + 3*i + 3. Let v be o(y). Calculate the greatest common divisor of 12 and v.
12
Let i(n) = -3*n**2 - 4*n + 3. Let g be i(2). Let d = 18 + g. Calculate the highest com